+ -24 + 35 + -33 + (-1 - 2).
11
What is (-138 - (-62 + -88)) + 98?
110
Evaluate 23 + -4 + (-28 - -5) + 41.
37
What is (179 - 28 - 58) + -66?
27
What is (-3 + 6 + 0 + -3 - (-51 + 2)) + -1?
48
Calculate (1 - 6 - 0) + (-9 - -18 - 14 - -4).
-6
What is -91 + (35 - (-20 + -5 + 42)) - -14?
-59
Evaluate 94 + -42 - (55 + 21).
-24
What is -3 - 1 - (-77 + -21 + 89 + (-5 - 1))?
11
What is the value of (51 - 72) + 90 - 89?
-20
Calculate (212 + -19 - 158) + -125 + -1.
-91
What is 1 + -110 - -110 - -90?
91
What is the value of 83 - (-3 + (-23 - -36))?
73
Evaluate -2 - 57 - -1 - (50 - 78 - -41).
-71
0 - -1 - (36 + 4 + -32)
-7
-88 + 0 + 4 + 3 + (-4 - -11) + -16
-90
Evaluate 59 - (33 + -30 + -10 + (10 - -1)).
55
Evaluate -2 - -15 - (48 - 75 - (10 + -36)).
14
What is the value of (345 + -341 - (0 + 15 + -2)) + 62 + -3?
50
Calculate -16 - (-1 + 13 - (-188 - -204)) - -106.
94
What is (-15 + 13 - 1 - 41) + -17 + 42?
-19
What is (3 - 0) + -2 - (6 + 30 + -28) - -3?
-4
What is the value of -10 + 18 - (-54 - (1 - -6 - (-1 + 1)))?
69
What is -106 + (0 - (10 - (23 + 10 + -13)))?
-96
Evaluate 4 - ((11 - (-3 + 8 + 0 + 8)) + 37).
-31
What is the value of (12 - -56) + -48 - (-26 + 3)?
43
Evaluate -42 + 33 + 25 - (2 + -11).
25
What is 4 - (6 + -2 + (16 - (1 + 11)))?
-4
What is the value of 70 - ((0 - -2 - -8) + (80 - 76) + -8)?
64
Calculate 3 + (-50 - -10 - -33) + -5.
-9
Calculate 11 + 32 + -1 - 80.
-38
Evaluate (32 - 20) + (1 - (1 + (-6 - -6))).
12
63 + -49 + -76 - -150
88
Evaluate 2 + -2 + -11 - (-27361 + 27336).
14
(-1 + -12 - -3) + (47 - (61 + 4))
-28
Evaluate -45 + -7 + (82 - 60).
-30
Calculate 1 + 104 + (-20 - -42 - 51 - (6 - 28)).
98
Evaluate -1 - ((4 - 7) + 52 - 6) - (12 + -15).
-41
What is the value of -2 - (283 - 117 - 30)?
-138
What is -59 - -226 - (42 + 4 + -19)?
140
What is the value of (-21 - (-26 + -39)) + -95?
-51
-1790 + 1809 + (0 - 2 - 15)
2
What is (-3 - -15) + (3 - 2 - ((-3 - -1) + 4))?
11
2 + -14 + (-1686 - -1677)
-21
Evaluate (-28 - 12) + 24 + (-42 - 2).
-60
Calculate 2 - ((-49 - (3 - 20)) + 17).
17
What is the value of (431 - 442) + -25 + -12?
-48
What is 15 + (13 - (18 - 28))?
38
Evaluate -174 - (-25 - 42) - -63.
-44
(2 + 55 - 1) + (1306 - 1318)
44
Calculate -1 - (1 + -11 + -36 + -33).
78
Evaluate (0 - -12) + (-47 + 35 - -18).
18
What is -140 - 1 - (756 + -780) - (2 - (0 + -1))?
-120
What is the value of -15 - ((18 + -18 - -12) + -19) - (-58 + 2)?
48
Evaluate (111 - (21 - -23)) + (-42 - -39).
64
Calculate 37 - ((17 - 15) + 23).
12
Calculate (22 - (18 + 18 - 19)) + 24.
29
What is the value of (7 - (-7 + -1)) + 18 + -35 + -15?
-17
Calculate -18 - (5 + (-15 - (14 - 6))) - (97 + -4).
-93
5 + -3 + -3 + 14 - (-39 - -84 - 62)
30
Evaluate -20 - (-1 - 13 - ((10 - -61) + -86)).
-21
What is (-23 + 39 - 23) + (4 - -5) + -4?
-2
(-2 - -38) + (-2665 - -2640)
11
Calculate 2 + 91 + -103 + 79.
69
Evaluate 3 - ((60 - 105 - -42) + (54 - -2) + 0).
-50
What is -7 + 27 + -430 + 460?
50
Calculate (-166 - (2 - 213)) + -2 + 34.
77
Calculate -152 + (85 - 4) + 144.
73
What is the value of (0 - 8 - (-11 - (-35 - -30))) + -7 - -44?
35
What is (-13 - (1 + 8 + -15)) + -4?
-11
Calculate -17683 - -17748 - (-11 + -1 + -1).
78
What is (4 - -37) + (0 - -12 - 40) + 27?
40
-39 + -1 + -1698 + 1785
47
Calculate 13 + 76 - 62 - -42.
69
Evaluate (-9 - 94) + (446 - 300).
43
65 - ((-190 - -162) + -3 + (24 - 4))
76
Evaluate -5 + 56 - (-476 - -548).
-21
Calculate -48 + (-24 - -39) + 35.
2
What is (15 - (-23 - (19 + -37))) + -67?
-47
What is the value of 2587 - 2647 - (-47 - 1)?
-12
What is -14 - (-31 + -11 + -19 + 18)?
29
What is the value of 36 - -18 - (2 + -11 + 7 + -17 - -7)?
66
Calculate (-84 - -104) + -25 - -95.
90
(-4 - -5) + -16 + (278 - 253) - -27
37
Evaluate -9 + -3 + -389 + 357 - 21.
-65
Calculate (4 - 14) + -6 + 15 + (-19 - -13).
-7
Calculate -28 - (-14 + (17 + -9 - -21)).
-43
Calculate 61 - (9 - (-11 + 6 + -4 + 9)).
52
Calculate -35 - ((48 - 40) + -30).
-13
-20 + 29 - 0 - 22
-13
-223 + -11 + 94 - -96
-44
Calculate 10 - (22 - -21 - 37).
4
-10 + (8 - 3) + (-13 - -21 - 9) + -24
-30
What is the value of 1 + -1 + -1 + (-259 + 177 - -65)?
-18
Calculate -8 - (39 - (22 - -127) - 8).
110
(26 - 12) + 14 + -3 + 28
53
Evaluate -2 + (43 + -70 - -27).
-2
What is the value of 183 + (-49 - (-30 + 54))?
110
Evaluate 8 + -4 + (-31 - (-103 - -59)).
17
What is the value of (-1444 - -1360) + (-7 - -10) + 26?
-55
Calculate -6 + (-13 - (-18 - (19 + -16))).
2
(-3 - -1) + -43 + 6 - (-33 + 25)
-31
What is (8 - 23) + 1 + -1 - (-90 - -84)?
-9
What is the value of 13 + (-519 + 507 - (2 + -4 + 2)) + -41?
-40
What is the value of -12 + 8 + (-30 + 53 - 30) - -10?
-1
Evaluate -33 - (-51 - -8) - (3 - (1 + 1)) - 41.
-32
Evaluate 41 - (-29 - (1 + -30)).
41
Calculate 115 + -87 + 13 - 11.
30
What is the value of (-1 - 5) + (89 - (87 + -20)) - 32?
-16
Evaluate 92 - (-24 - -54) - 124.
-62
5 + -3 - (-10 - (-1 - -77))
88
Evaluate -36 + (34 - (-33 + 89)).
-58
What is the value of -16 + -14 - 38 - -16?
-52
What is 115 - 35 - (1 - -112)?
-33
Evaluate -2 + 7 + (126 - 136) - 40.
-45
What is the value of -2 + 31 + -53 + (-58 - -90)?
8
Evaluate 5 - (-62 + (-4 - (1 + -3) - (-10 - 0))).
59
Calculate (9 - (51 - 28 - 10)) + -32.
-36
What is 14 - (-7 - (135 + -58))?
98
What is the value of -24 + (2 - ((-33 - -53) + -14))?
-28
26 - ((-10 - -5) + 18 + (1 - 19))
31
What is the value of (-107 - -89) + 33 + -5?
10
What is (-4842 - -4829) + (-72 - 3)?
-88
What is the value of 1 + 21 + -2 + 10 + -20?
10
What is the value of (-18 - -56) + 7 + -31 + 20?
34
What is the value of (14 - 13) + -39 + 4 + 6 - (-15 - -25)?
-38
Calculate -17 + -9 - (57 - (212 + -45)).
84
What is 15 + 3 + -11 + (-2 - (28 + 5)) - -9?
-19
Calculate -57 - ((-23 - 2) + 4 - (-19 + 23 + -14)).
-46
What is the value of -10579 + 10596 - (1 + 1 + -2 - -15)?
2
What is the value of -58 - ((39 - -15) + -78)?
-34
Evaluate (187 - (-339 - -556)) + 1 + 122.
93
Evaluate -729 + 720 + (-1 - -4 - -3).
-3
Evaluate (41 - 19) + 26 + -45 - -75.
78
-9 - ((28 + -4 - 31) + -62)
60
What is 36 - (-35 - (12 + (-76 - -11)))?
18
Calculate -1 + -6 + 7 + 8 + (16 - -10).
34
What is the value of 40 - (-8 - -20) - ((-4 - -15) + -3)?
20
Evaluate (147 - 12) + -20 + -8 + 14.
121
(177 - (53 + -22)) + -76
70
Calculate (31 - 25 - 15) + (-9 - -5 - 0).
-13
What is the value of -13 - -3 - -7 - (4 + (0 - 1) + -51)?
45
What is -1 - (-1 + 2) - -26 - ((19 - 11) + -12)?
28
9 - ((-3 - 26 - 3) + 24)
17
What is the value of 43 + (-77 - -35 - -7) + (-5 - 0) + 1?
4
Evaluate -5 - (-48 - (-44 - -5)).
4
-8 - -189 - (-1072 - -1163)
90
What is the value of -22 - (29 + (-1 - 43))?
-7
What is the value of (38 - (-111 + 75)) + -71?
3
1 + 99 + 10846 + -10914
32
What is -1 + (3 - (2 + -6)) + -15 - (229 + -173)?
-65
Evaluate (63 - (-66 - -107)) + 76.
98
Calculate 519 + -515 + 1 + 6 + -10.
1
What is the value of 4 + 1 + (-3 - 5) + (39 - (-6 + -7))?
49
Evaluate -41 + 1 + 2 + 14 + (-283 - -256).
-51
Evaluate 15 + 0 + (-8 + 2 + -4 - (-43 + -85)).
133
Evaluate -7 - (6 + -10) - (0 + (2 - 16)).
11
What is -19 - (-14 + 20 - 7) - -13 - -75?
70
87 - (43 + 9) - 77
-42
What is (-37 - (17 + -52)) + 20 - -19?
37
Calculate -9 + 41 + -28 + (11 - -7).
22
What is the value of (-29 - -6) + (-7 - (-21 + 4)) + 7?
-6
Calculate -25 + (10 - (43 - 28)).
-30
Evaluate (-1 - 1) + 43 + (8 - (12 - (-6 - 6))).
25
Calculate -10090 + 10064 - (-1 + 113).
-138
What is the value of 94 - (49 - (41 - 25)) - (1 + 1)?
59
What is the value of 19 + -22 + -53 + 29 + 62?
35
What is -47 + (17 + 1 - (6 + -44 + 52))?
-43
What is 10 + (15 - 34) - (-79 - (20 + -6 - 5))?
79
Evaluate -5 + 88 + -5 - (-18 + (-2 - -22)).
76
What is the value of 2 + -7 + -1 + 0 - (460 + -518)?
52
What is the value of -1 + 2 + -36 + 1 - (740 - 742)?
-32
What is the value of -24 - (-69 - -32) - -8 - (4 + 12)?
5
What is (16 + 17 - 24) + (4 - (115 + -5)) + -4?
-101
What is the value of (5 - -15) + -17 - 2 - (-3 + (-68 - 0))?
72
-16 + 15 + (1 - 0) + 88 + -68
20
Evaluate (-10 - 1) + 10 + 7 - 0.
6
What is the value of -119 + 38 + 48 + 57?
24
What is the value of 352 + -345 - (-4 + 45)?
-34
What is the value of -1 - -42 - (-6486 - -6510)?
17
What is the value of (25 - 2 - 21 - (-21 + 0)) + -11?
12
Calculate -20 + 16 + 19 + 41 - -22.
78
Calculate (-33 - 65) + 126 + -46.
-18
What is 104 - (12 + -1 + 23 + -36 + 5 + 1)